{"id":1128,"date":"2024-01-15T16:10:23","date_gmt":"2024-01-15T15:10:23","guid":{"rendered":"https:\/\/energiutveckling.se\/elpris\/?page_id=1128"},"modified":"2024-04-20T14:04:38","modified_gmt":"2024-04-20T13:04:38","slug":"avtal-fran-1-9-2024","status":"publish","type":"page","link":"http:\/\/energiutveckling.se\/elpris\/index.php\/avtal-fran-1-9-2024\/","title":{"rendered":"Avtal fr\u00e5n 1\/9 2024"},"content":{"rendered":"\n<ol class=\"wp-block-list\">\n<li><a><strong>Eln\u00e4tverket skall f\u00f6rhandla fram ett nytt Avtal 2024<\/strong><\/a><\/li>\n\n\n\n<li>V\u00e5rt nuvarande avtal l\u00f6per fram till 1\/9 2024. Det inneb\u00e4r att det f\u00f6r min del n\u00e4rmar sig en ny f\u00f6rhandlingsomg\u00e5ng. Jag b\u00f6rjar tidigt f\u00f6r att f\u00e5 det klart i tid f\u00f6re semesterperioden.<br \/>Som vanligt skickar jag ett f\u00f6rfr\u00e5gningsunderlag till ett antal elleverant\u00f6rer, dels st\u00f6rre, dels mindre f\u00f6retag. F\u00f6r mindre f\u00f6retag inneb\u00e4r ju en f\u00e4rdig kundstock ett stort plus, vilket kan p\u00e5verka viljan att pressa sina marginaler. De stora f\u00f6retagen kan minska marginalerna eftersom de har bra avans p\u00e5 de med tillsvidareavtal.<\/li>\n\n\n\n<li>Jag har i detta skedet f\u00f6ljande f\u00f6rslag p\u00e5 avtalsformer och \u00f6vrigt inneh\u00e5ll.<\/li>\n\n\n\n<li>1. Fast avtal under perioden<\/li>\n\n\n\n<li>2. 50\/50 avtal under perioden (50% fast, 50% r\u00f6rligt)<\/li>\n\n\n\n<li>3. R\u00f6rligt med vinters\u00e4kring under december, januari, februari. Abonnenter m\u00e5ste sj\u00e4lv anm\u00e4la vinters\u00e4kring.<\/li>\n\n\n\n<li>4. Timprisavtal<\/li>\n<\/ol>\n\n\n\n<p>5. Fossilfritt<\/p>\n\n\n\n<p>6. Utan vindkraft<\/p>\n\n\n\n<p>\u00d6vriga delar<\/p>\n\n\n\n<ul class=\"wp-block-list\">\n<li>1. F\u00f6retagets fasta m\u00e5nadsavgift<\/li>\n\n\n\n<li>2. F\u00f6retagets vinstp\u00e5slag<\/li>\n\n\n\n<li>3. Elcertifikat<\/li>\n\n\n\n<li>4. Ers\u00e4ttning f\u00f6r leverans av egenproducerad el<\/li>\n<\/ul>\n\n\n\n<p><a href=\"http:\/\/energiutveckling.se\/elpris\/wp-content\/uploads\/2024\/04\/Uppdaterad-Intresseanmalan-2024.pdf\" target=\"_blank\" rel=\"noreferrer noopener\">Klicka h\u00e4r f\u00f6r att f\u00e5 en anm\u00e4lningsblankett<\/a><\/p>\n","protected":false},"excerpt":{"rendered":"<p>5. Fossilfritt 6. Utan vindkraft \u00d6vriga delar Klicka h\u00e4r f\u00f6r att f\u00e5 en anm\u00e4lningsblankett<\/p>\n","protected":false},"author":2,"featured_media":0,"parent":0,"menu_order":0,"comment_status":"closed","ping_status":"closed","template":"","meta":{"footnotes":""},"class_list":["post-1128","page","type-page","status-publish","hentry"],"jetpack_sharing_enabled":true,"jetpack_likes_enabled":true,"_links":{"self":[{"href":"http:\/\/energiutveckling.se\/elpris\/index.php\/wp-json\/wp\/v2\/pages\/1128","targetHints":{"allow":["GET"]}}],"collection":[{"href":"http:\/\/energiutveckling.se\/elpris\/index.php\/wp-json\/wp\/v2\/pages"}],"about":[{"href":"http:\/\/energiutveckling.se\/elpris\/index.php\/wp-json\/wp\/v2\/types\/page"}],"author":[{"embeddable":true,"href":"http:\/\/energiutveckling.se\/elpris\/index.php\/wp-json\/wp\/v2\/users\/2"}],"replies":[{"embeddable":true,"href":"http:\/\/energiutveckling.se\/elpris\/index.php\/wp-json\/wp\/v2\/comments?post=1128"}],"version-history":[{"count":3,"href":"http:\/\/energiutveckling.se\/elpris\/index.php\/wp-json\/wp\/v2\/pages\/1128\/revisions"}],"predecessor-version":[{"id":1143,"href":"http:\/\/energiutveckling.se\/elpris\/index.php\/wp-json\/wp\/v2\/pages\/1128\/revisions\/1143"}],"wp:attachment":[{"href":"http:\/\/energiutveckling.se\/elpris\/index.php\/wp-json\/wp\/v2\/media?parent=1128"}],"curies":[{"name":"wp","href":"https:\/\/api.w.org\/{rel}","templated":true}]}}