{"id":16,"date":"2011-04-02T20:57:43","date_gmt":"2011-04-02T19:57:43","guid":{"rendered":"http:\/\/energiutveckling.se\/elnat\/?page_id=16"},"modified":"2013-02-14T14:25:11","modified_gmt":"2013-02-14T13:25:11","slug":"konstnadsberakning","status":"publish","type":"page","link":"http:\/\/energiutveckling.se\/elpris\/index.php\/referenser\/konstnadsberakning\/","title":{"rendered":"Kostnadsber\u00e4kning"},"content":{"rendered":"<p>H\u00e4r kommer jag att ta fram en mall d\u00e4r du kan r\u00e4kna ut \u00e5rskostnaden f\u00f6r din elf\u00f6rbrukning inklusive n\u00e4tkostnader och ocks\u00e5 j\u00e4mf\u00f6ra med tidigare leverant\u00f6r.<\/p>\n<p>&nbsp;<\/p>\n<p>&nbsp;<\/p>\n","protected":false},"excerpt":{"rendered":"<p>H\u00e4r kommer jag att ta fram en mall d\u00e4r du kan r\u00e4kna ut \u00e5rskostnaden f\u00f6r din elf\u00f6rbrukning inklusive n\u00e4tkostnader och ocks\u00e5 j\u00e4mf\u00f6ra med tidigare leverant\u00f6r. &nbsp; &nbsp;<\/p>\n","protected":false},"author":1,"featured_media":0,"parent":12,"menu_order":0,"comment_status":"closed","ping_status":"closed","template":"","meta":{"footnotes":""},"class_list":["post-16","page","type-page","status-publish","hentry"],"jetpack_sharing_enabled":true,"jetpack_likes_enabled":true,"_links":{"self":[{"href":"http:\/\/energiutveckling.se\/elpris\/index.php\/wp-json\/wp\/v2\/pages\/16","targetHints":{"allow":["GET"]}}],"collection":[{"href":"http:\/\/energiutveckling.se\/elpris\/index.php\/wp-json\/wp\/v2\/pages"}],"about":[{"href":"http:\/\/energiutveckling.se\/elpris\/index.php\/wp-json\/wp\/v2\/types\/page"}],"author":[{"embeddable":true,"href":"http:\/\/energiutveckling.se\/elpris\/index.php\/wp-json\/wp\/v2\/users\/1"}],"replies":[{"embeddable":true,"href":"http:\/\/energiutveckling.se\/elpris\/index.php\/wp-json\/wp\/v2\/comments?post=16"}],"version-history":[{"count":6,"href":"http:\/\/energiutveckling.se\/elpris\/index.php\/wp-json\/wp\/v2\/pages\/16\/revisions"}],"predecessor-version":[{"id":297,"href":"http:\/\/energiutveckling.se\/elpris\/index.php\/wp-json\/wp\/v2\/pages\/16\/revisions\/297"}],"up":[{"embeddable":true,"href":"http:\/\/energiutveckling.se\/elpris\/index.php\/wp-json\/wp\/v2\/pages\/12"}],"wp:attachment":[{"href":"http:\/\/energiutveckling.se\/elpris\/index.php\/wp-json\/wp\/v2\/media?parent=16"}],"curies":[{"name":"wp","href":"https:\/\/api.w.org\/{rel}","templated":true}]}}